{"id":2657906,"date":"2026-07-17T09:59:06","date_gmt":"2026-07-17T12:02:07","guid":{"rendered":"https:\/\/www.niemibil.se\/objekt\/audi-a4-allroad-quattro-2-0-tdi-drag-dvarm-p-sens-sv-dack\/"},"modified":"2026-09-05T12:42:06","modified_gmt":"2026-09-05T10:42:06","slug":"audi-a4-allroad-quattro-2-0-tdi-drag-dvarm-p-sens-sv-dack","status":"publish","type":"objekt","link":"https:\/\/www.niemibil.se\/en\/object\/audi-a4-allroad-quattro-2-0-tdi-drag-dvarm-p-sens-sv-dack\/","title":{"rendered":"Audi A4 allroad quattro 2.0 TDI Drag Dv\u00e4rm P-sens S&amp;V-d\u00e4ck"},"author":0,"featured_media":0,"template":"","format":"standard","fordonstyp":[2],"drivmedel":[3],"vaxellada":[9],"bilmarke":[25],"farg":[11],"bilhall":[337],"egenskap":[122,123,121],"drivhjul":[],"location":[354],"class_list":["post-2657906","objekt","type-objekt","status-publish","format-standard","hentry","fordonstyp-kombi","drivmedel-diesel","vaxellada-automatisk","bilmarke-audi","farg-vit","bilhall-skelleftea-hammarvagen-1","egenskap-awd","egenskap-dragkrok","egenskap-motorvarmare","ort-skelleftea"],"car-info":{"manufacturer":"Audi","model":"A4","title":"Audi A4 allroad quattro 2.0 TDI Drag Dv\u00e4rm P-sens S&amp;V-d\u00e4ck","price":"219900","year":"2018","gearbox":"Automatisk","fuel":"Diesel","properties":"AWD, Dragkrok, Motorv\u00e4rmare","mil":"14956","regno":"PKM469","image":"https:\/\/pro.bbcdn.io\/88\/8821ba47-99e6-17f2-7519-0000c8dffb35?rule=legacy-largest","image_last":"https:\/\/pro.bbcdn.io\/20\/20133ddc-389a-90ea-3c31-0000bb9f91c6?rule=legacy-largest","image_count":19,"link":"https:\/\/www.niemibil.se\/en\/object\/audi-a4-allroad-quattro-2-0-tdi-drag-dvarm-p-sens-sv-dack\/"},"_links":{"self":[{"href":"https:\/\/www.niemibil.se\/en\/wp-json\/wp\/v2\/objekt\/2657906","targetHints":{"allow":["GET"]}}],"collection":[{"href":"https:\/\/www.niemibil.se\/en\/wp-json\/wp\/v2\/objekt"}],"about":[{"href":"https:\/\/www.niemibil.se\/en\/wp-json\/wp\/v2\/types\/objekt"}],"wp:attachment":[{"href":"https:\/\/www.niemibil.se\/en\/wp-json\/wp\/v2\/media?parent=2657906"}],"wp:term":[{"taxonomy":"fordonstyp","embeddable":true,"href":"https:\/\/www.niemibil.se\/en\/wp-json\/wp\/v2\/fordonstyp?post=2657906"},{"taxonomy":"drivmedel","embeddable":true,"href":"https:\/\/www.niemibil.se\/en\/wp-json\/wp\/v2\/drivmedel?post=2657906"},{"taxonomy":"vaxellada","embeddable":true,"href":"https:\/\/www.niemibil.se\/en\/wp-json\/wp\/v2\/vaxellada?post=2657906"},{"taxonomy":"bilmarke","embeddable":true,"href":"https:\/\/www.niemibil.se\/en\/wp-json\/wp\/v2\/bilmarke?post=2657906"},{"taxonomy":"farg","embeddable":true,"href":"https:\/\/www.niemibil.se\/en\/wp-json\/wp\/v2\/farg?post=2657906"},{"taxonomy":"bilhall","embeddable":true,"href":"https:\/\/www.niemibil.se\/en\/wp-json\/wp\/v2\/bilhall?post=2657906"},{"taxonomy":"egenskap","embeddable":true,"href":"https:\/\/www.niemibil.se\/en\/wp-json\/wp\/v2\/egenskap?post=2657906"},{"taxonomy":"drivhjul","embeddable":true,"href":"https:\/\/www.niemibil.se\/en\/wp-json\/wp\/v2\/drivhjul?post=2657906"},{"taxonomy":"ort","embeddable":true,"href":"https:\/\/www.niemibil.se\/en\/wp-json\/wp\/v2\/location?post=2657906"}],"curies":[{"name":"wp","href":"https:\/\/api.w.org\/{rel}","templated":true}]}}

Audi A4 allroad quattro 2.0 TDI Drag Dvärm P-sens S&amp;V-däck

AWD, Dragkrok, Motorvärmare
