{"id":2650924,"date":"2026-04-29T16:12:08","date_gmt":"2026-04-29T14:12:08","guid":{"rendered":"https:\/\/www.niemibil.se\/objekt\/volvo-s60-t5-awd-geartronic-inscription-massage-pvarm-kamera-sov\/"},"modified":"2026-04-29T16:12:08","modified_gmt":"2026-04-29T14:12:08","slug":"volvo-s60-t5-awd-geartronic-inscription-massage-pvarm-kamera-sov","status":"publish","type":"objekt","link":"https:\/\/www.niemibil.se\/en\/object\/volvo-s60-t5-awd-geartronic-inscription-massage-pvarm-kamera-sov\/","title":{"rendered":"Volvo S60 T5 AWD Geartronic Inscription Massage Pv\u00e4rm Kamera SoV"},"author":0,"featured_media":0,"template":"","format":"standard","fordonstyp":[23],"drivmedel":[12],"vaxellada":[9],"bilmarke":[16],"farg":[6],"bilhall":[232],"egenskap":[122,121],"drivhjul":[],"location":[353],"class_list":["post-2650924","objekt","type-objekt","status-publish","format-standard","hentry","fordonstyp-sedan","drivmedel-bensin","vaxellada-automatisk","bilmarke-volvo","farg-gra","bilhall-umea-formvagen-8","egenskap-awd","egenskap-motorvarmare","ort-umea"],"car-info":{"manufacturer":"Volvo","model":"S60","title":"Volvo S60 T5 AWD Geartronic Inscription Massage Pv\u00e4rm Kamera SoV","price":"339900","year":"2020","gearbox":"Automatisk","fuel":"Bensin","properties":"AWD, Motorv\u00e4rmare","color":"Gr\u00e5 Metallic ","mil":"4150","regno":"HCP98G","image":"https:\/\/pro.bbcdn.io\/8b\/8bb82762-249b-38c0-db3a-0000c2234846?rule=legacy-largest","image_last":"https:\/\/pro.bbcdn.io\/35\/35e5f47c-43d6-4d16-2380-00008bac08c7?rule=legacy-largest","image_count":3,"link":"https:\/\/www.niemibil.se\/en\/object\/volvo-s60-t5-awd-geartronic-inscription-massage-pvarm-kamera-sov\/"},"_links":{"self":[{"href":"https:\/\/www.niemibil.se\/en\/wp-json\/wp\/v2\/objekt\/2650924","targetHints":{"allow":["GET"]}}],"collection":[{"href":"https:\/\/www.niemibil.se\/en\/wp-json\/wp\/v2\/objekt"}],"about":[{"href":"https:\/\/www.niemibil.se\/en\/wp-json\/wp\/v2\/types\/objekt"}],"wp:attachment":[{"href":"https:\/\/www.niemibil.se\/en\/wp-json\/wp\/v2\/media?parent=2650924"}],"wp:term":[{"taxonomy":"fordonstyp","embeddable":true,"href":"https:\/\/www.niemibil.se\/en\/wp-json\/wp\/v2\/fordonstyp?post=2650924"},{"taxonomy":"drivmedel","embeddable":true,"href":"https:\/\/www.niemibil.se\/en\/wp-json\/wp\/v2\/drivmedel?post=2650924"},{"taxonomy":"vaxellada","embeddable":true,"href":"https:\/\/www.niemibil.se\/en\/wp-json\/wp\/v2\/vaxellada?post=2650924"},{"taxonomy":"bilmarke","embeddable":true,"href":"https:\/\/www.niemibil.se\/en\/wp-json\/wp\/v2\/bilmarke?post=2650924"},{"taxonomy":"farg","embeddable":true,"href":"https:\/\/www.niemibil.se\/en\/wp-json\/wp\/v2\/farg?post=2650924"},{"taxonomy":"bilhall","embeddable":true,"href":"https:\/\/www.niemibil.se\/en\/wp-json\/wp\/v2\/bilhall?post=2650924"},{"taxonomy":"egenskap","embeddable":true,"href":"https:\/\/www.niemibil.se\/en\/wp-json\/wp\/v2\/egenskap?post=2650924"},{"taxonomy":"drivhjul","embeddable":true,"href":"https:\/\/www.niemibil.se\/en\/wp-json\/wp\/v2\/drivhjul?post=2650924"},{"taxonomy":"ort","embeddable":true,"href":"https:\/\/www.niemibil.se\/en\/wp-json\/wp\/v2\/location?post=2650924"}],"curies":[{"name":"wp","href":"https:\/\/api.w.org\/{rel}","templated":true}]}}

Volvo S60 T5 AWD Geartronic Inscription Massage Pvärm Kamera SoV

AWD, Motorvärmare

Grå Metallic
