{"id":2650877,"date":"2026-04-29T10:42:07","date_gmt":"2026-04-29T08:42:07","guid":{"rendered":"https:\/\/www.niemibil.se\/objekt\/toyota-avensis-kombi-1-8-aut-dragkrok-mvarmare-b-kamera-sv-dack\/"},"modified":"2026-04-29T10:42:07","modified_gmt":"2026-04-29T08:42:07","slug":"toyota-avensis-kombi-1-8-aut-dragkrok-mvarmare-b-kamera-sv-dack","status":"publish","type":"objekt","link":"https:\/\/www.niemibil.se\/en\/object\/toyota-avensis-kombi-1-8-aut-dragkrok-mvarmare-b-kamera-sv-dack\/","title":{"rendered":"Toyota Avensis Kombi 1.8 Aut Dragkrok Mv\u00e4rmare B-kamera S&amp;V-d\u00e4ck"},"author":0,"featured_media":0,"template":"","format":"standard","fordonstyp":[2],"drivmedel":[12],"vaxellada":[9],"bilmarke":[20],"farg":[11],"bilhall":[337],"egenskap":[123,121],"drivhjul":[],"location":[354],"class_list":["post-2650877","objekt","type-objekt","status-publish","format-standard","hentry","fordonstyp-kombi","drivmedel-bensin","vaxellada-automatisk","bilmarke-toyota","farg-vit","bilhall-skelleftea-hammarvagen-1","egenskap-dragkrok","egenskap-motorvarmare","ort-skelleftea"],"car-info":{"manufacturer":"Toyota","model":"Avensis","title":"Toyota Avensis Kombi 1.8 Aut Dragkrok Mv\u00e4rmare B-kamera S&amp;V-d\u00e4ck","price":"169900","year":"2016","gearbox":"Automatisk","fuel":"Bensin","properties":"Dragkrok, Motorv\u00e4rmare","color":"Vit","mil":"10237","regno":"YGG964","image":"https:\/\/pro.bbcdn.io\/96\/966ed076-58b2-9c91-63f5-00000313f663?rule=legacy-largest","image_last":"https:\/\/pro.bbcdn.io\/75\/75523122-8783-3e37-0041-000044eb3788?rule=legacy-largest","image_count":4,"link":"https:\/\/www.niemibil.se\/en\/object\/toyota-avensis-kombi-1-8-aut-dragkrok-mvarmare-b-kamera-sv-dack\/"},"_links":{"self":[{"href":"https:\/\/www.niemibil.se\/en\/wp-json\/wp\/v2\/objekt\/2650877","targetHints":{"allow":["GET"]}}],"collection":[{"href":"https:\/\/www.niemibil.se\/en\/wp-json\/wp\/v2\/objekt"}],"about":[{"href":"https:\/\/www.niemibil.se\/en\/wp-json\/wp\/v2\/types\/objekt"}],"wp:attachment":[{"href":"https:\/\/www.niemibil.se\/en\/wp-json\/wp\/v2\/media?parent=2650877"}],"wp:term":[{"taxonomy":"fordonstyp","embeddable":true,"href":"https:\/\/www.niemibil.se\/en\/wp-json\/wp\/v2\/fordonstyp?post=2650877"},{"taxonomy":"drivmedel","embeddable":true,"href":"https:\/\/www.niemibil.se\/en\/wp-json\/wp\/v2\/drivmedel?post=2650877"},{"taxonomy":"vaxellada","embeddable":true,"href":"https:\/\/www.niemibil.se\/en\/wp-json\/wp\/v2\/vaxellada?post=2650877"},{"taxonomy":"bilmarke","embeddable":true,"href":"https:\/\/www.niemibil.se\/en\/wp-json\/wp\/v2\/bilmarke?post=2650877"},{"taxonomy":"farg","embeddable":true,"href":"https:\/\/www.niemibil.se\/en\/wp-json\/wp\/v2\/farg?post=2650877"},{"taxonomy":"bilhall","embeddable":true,"href":"https:\/\/www.niemibil.se\/en\/wp-json\/wp\/v2\/bilhall?post=2650877"},{"taxonomy":"egenskap","embeddable":true,"href":"https:\/\/www.niemibil.se\/en\/wp-json\/wp\/v2\/egenskap?post=2650877"},{"taxonomy":"drivhjul","embeddable":true,"href":"https:\/\/www.niemibil.se\/en\/wp-json\/wp\/v2\/drivhjul?post=2650877"},{"taxonomy":"ort","embeddable":true,"href":"https:\/\/www.niemibil.se\/en\/wp-json\/wp\/v2\/location?post=2650877"}],"curies":[{"name":"wp","href":"https:\/\/api.w.org\/{rel}","templated":true}]}}

Toyota Avensis Kombi 1.8 Aut Dragkrok Mvärmare B-kamera S&amp;V-däck

Dragkrok, Motorvärmare
