{"id":2650692,"date":"2026-04-27T12:02:06","date_gmt":"2026-04-27T10:02:06","guid":{"rendered":"https:\/\/www.niemibil.se\/objekt\/bmw-x3-xdrive20d-aut-drag-varmare-rattvarme-x-line-sv-1-agare\/"},"modified":"2026-04-27T12:02:06","modified_gmt":"2026-04-27T10:02:06","slug":"bmw-x3-xdrive20d-aut-drag-varmare-rattvarme-x-line-sv-1-agare","status":"publish","type":"objekt","link":"https:\/\/www.niemibil.se\/en\/object\/bmw-x3-xdrive20d-aut-drag-varmare-rattvarme-x-line-sv-1-agare\/","title":{"rendered":"BMW X3 xDrive20d Aut Drag V\u00e4rmare Rattv\u00e4rme X-Line S&amp;V 1 \u00e4gare"},"author":0,"featured_media":0,"template":"","format":"standard","fordonstyp":[7],"drivmedel":[3],"vaxellada":[9],"bilmarke":[33],"farg":[19],"bilhall":[442],"egenskap":[122,123,121],"drivhjul":[],"location":[441],"class_list":["post-2650692","objekt","type-objekt","status-publish","format-standard","hentry","fordonstyp-suv","drivmedel-diesel","vaxellada-automatisk","bilmarke-bmw","farg-svart","bilhall-gavle-kryddstigen-23","egenskap-awd","egenskap-dragkrok","egenskap-motorvarmare","ort-gavle"],"car-info":{"manufacturer":"BMW","model":"X3","title":"BMW X3 xDrive20d Aut Drag V\u00e4rmare Rattv\u00e4rme X-Line S&amp;V 1 \u00e4gare","price":"309900","year":"2019","gearbox":"Automatisk","fuel":"Diesel","properties":"AWD, Dragkrok, Motorv\u00e4rmare","color":"Svart","mil":"9670","regno":"WPC195","image":"https:\/\/pro.bbcdn.io\/17\/17468d4e-907a-fb43-4389-0000bb0479e1?rule=legacy-largest","image_last":"https:\/\/pro.bbcdn.io\/20\/209007ce-03df-628c-d46e-000076670191?rule=legacy-largest","image_count":4,"link":"https:\/\/www.niemibil.se\/en\/object\/bmw-x3-xdrive20d-aut-drag-varmare-rattvarme-x-line-sv-1-agare\/"},"_links":{"self":[{"href":"https:\/\/www.niemibil.se\/en\/wp-json\/wp\/v2\/objekt\/2650692","targetHints":{"allow":["GET"]}}],"collection":[{"href":"https:\/\/www.niemibil.se\/en\/wp-json\/wp\/v2\/objekt"}],"about":[{"href":"https:\/\/www.niemibil.se\/en\/wp-json\/wp\/v2\/types\/objekt"}],"wp:attachment":[{"href":"https:\/\/www.niemibil.se\/en\/wp-json\/wp\/v2\/media?parent=2650692"}],"wp:term":[{"taxonomy":"fordonstyp","embeddable":true,"href":"https:\/\/www.niemibil.se\/en\/wp-json\/wp\/v2\/fordonstyp?post=2650692"},{"taxonomy":"drivmedel","embeddable":true,"href":"https:\/\/www.niemibil.se\/en\/wp-json\/wp\/v2\/drivmedel?post=2650692"},{"taxonomy":"vaxellada","embeddable":true,"href":"https:\/\/www.niemibil.se\/en\/wp-json\/wp\/v2\/vaxellada?post=2650692"},{"taxonomy":"bilmarke","embeddable":true,"href":"https:\/\/www.niemibil.se\/en\/wp-json\/wp\/v2\/bilmarke?post=2650692"},{"taxonomy":"farg","embeddable":true,"href":"https:\/\/www.niemibil.se\/en\/wp-json\/wp\/v2\/farg?post=2650692"},{"taxonomy":"bilhall","embeddable":true,"href":"https:\/\/www.niemibil.se\/en\/wp-json\/wp\/v2\/bilhall?post=2650692"},{"taxonomy":"egenskap","embeddable":true,"href":"https:\/\/www.niemibil.se\/en\/wp-json\/wp\/v2\/egenskap?post=2650692"},{"taxonomy":"drivhjul","embeddable":true,"href":"https:\/\/www.niemibil.se\/en\/wp-json\/wp\/v2\/drivhjul?post=2650692"},{"taxonomy":"ort","embeddable":true,"href":"https:\/\/www.niemibil.se\/en\/wp-json\/wp\/v2\/location?post=2650692"}],"curies":[{"name":"wp","href":"https:\/\/api.w.org\/{rel}","templated":true}]}}

BMW X3 xDrive20d Aut Drag Värmare Rattvärme X-Line S&amp;V 1 ägare

AWD, Dragkrok, Motorvärmare
