{"id":2650667,"date":"2026-04-27T09:42:07","date_gmt":"2026-04-27T07:42:07","guid":{"rendered":"https:\/\/www.niemibil.se\/objekt\/audi-a4-avant-40-tdi-quattro-proline-sv-dack-dragkrok-dvarmare\/"},"modified":"2026-04-27T09:42:07","modified_gmt":"2026-04-27T07:42:07","slug":"audi-a4-avant-40-tdi-quattro-proline-sv-dack-dragkrok-dvarmare","status":"publish","type":"objekt","link":"https:\/\/www.niemibil.se\/en\/object\/audi-a4-avant-40-tdi-quattro-proline-sv-dack-dragkrok-dvarmare\/","title":{"rendered":"Audi A4 Avant 40 TDI quattro Proline S&amp;V-d\u00e4ck Dragkrok Dv\u00e4rmare"},"author":0,"featured_media":0,"template":"","format":"standard","fordonstyp":[2],"drivmedel":[3],"vaxellada":[9],"bilmarke":[25],"farg":[11],"bilhall":[337],"egenskap":[122,123,121],"drivhjul":[],"location":[354],"class_list":["post-2650667","objekt","type-objekt","status-publish","format-standard","hentry","fordonstyp-kombi","drivmedel-diesel","vaxellada-automatisk","bilmarke-audi","farg-vit","bilhall-skelleftea-hammarvagen-1","egenskap-awd","egenskap-dragkrok","egenskap-motorvarmare","ort-skelleftea"],"car-info":{"manufacturer":"Audi","model":"A4","title":"Audi A4 Avant 40 TDI quattro Proline S&amp;V-d\u00e4ck Dragkrok Dv\u00e4rmare","price":"279900","year":"2022","gearbox":"Automatisk","fuel":"Diesel","properties":"AWD, Dragkrok, Motorv\u00e4rmare","color":"Vit","mil":"11030","regno":"KUN81P","image":"https:\/\/pro.bbcdn.io\/6c\/6ccd0a84-45d8-6539-2451-000070a7def6?rule=legacy-largest","image_last":"https:\/\/pro.bbcdn.io\/8d\/8d3f4fe4-8a5c-436f-4e60-000019f6e39f?rule=legacy-largest","image_count":4,"link":"https:\/\/www.niemibil.se\/en\/object\/audi-a4-avant-40-tdi-quattro-proline-sv-dack-dragkrok-dvarmare\/"},"_links":{"self":[{"href":"https:\/\/www.niemibil.se\/en\/wp-json\/wp\/v2\/objekt\/2650667","targetHints":{"allow":["GET"]}}],"collection":[{"href":"https:\/\/www.niemibil.se\/en\/wp-json\/wp\/v2\/objekt"}],"about":[{"href":"https:\/\/www.niemibil.se\/en\/wp-json\/wp\/v2\/types\/objekt"}],"wp:attachment":[{"href":"https:\/\/www.niemibil.se\/en\/wp-json\/wp\/v2\/media?parent=2650667"}],"wp:term":[{"taxonomy":"fordonstyp","embeddable":true,"href":"https:\/\/www.niemibil.se\/en\/wp-json\/wp\/v2\/fordonstyp?post=2650667"},{"taxonomy":"drivmedel","embeddable":true,"href":"https:\/\/www.niemibil.se\/en\/wp-json\/wp\/v2\/drivmedel?post=2650667"},{"taxonomy":"vaxellada","embeddable":true,"href":"https:\/\/www.niemibil.se\/en\/wp-json\/wp\/v2\/vaxellada?post=2650667"},{"taxonomy":"bilmarke","embeddable":true,"href":"https:\/\/www.niemibil.se\/en\/wp-json\/wp\/v2\/bilmarke?post=2650667"},{"taxonomy":"farg","embeddable":true,"href":"https:\/\/www.niemibil.se\/en\/wp-json\/wp\/v2\/farg?post=2650667"},{"taxonomy":"bilhall","embeddable":true,"href":"https:\/\/www.niemibil.se\/en\/wp-json\/wp\/v2\/bilhall?post=2650667"},{"taxonomy":"egenskap","embeddable":true,"href":"https:\/\/www.niemibil.se\/en\/wp-json\/wp\/v2\/egenskap?post=2650667"},{"taxonomy":"drivhjul","embeddable":true,"href":"https:\/\/www.niemibil.se\/en\/wp-json\/wp\/v2\/drivhjul?post=2650667"},{"taxonomy":"ort","embeddable":true,"href":"https:\/\/www.niemibil.se\/en\/wp-json\/wp\/v2\/location?post=2650667"}],"curies":[{"name":"wp","href":"https:\/\/api.w.org\/{rel}","templated":true}]}}

Audi A4 Avant 40 TDI quattro Proline S&amp;V-däck Dragkrok Dvärmare

AWD, Dragkrok, Motorvärmare
