{"id":2650631,"date":"2026-04-26T16:22:06","date_gmt":"2026-04-26T14:22:06","guid":{"rendered":"https:\/\/www.niemibil.se\/objekt\/volkswagen-passat-alltrack-2-0-tdi-4motion-alltrack-drag-mok-varm-kamera-d-varm\/"},"modified":"2026-04-26T16:22:06","modified_gmt":"2026-04-26T14:22:06","slug":"volkswagen-passat-alltrack-2-0-tdi-4motion-alltrack-drag-mok-varm-kamera-d-varm","status":"publish","type":"objekt","link":"https:\/\/www.niemibil.se\/en\/object\/volkswagen-passat-alltrack-2-0-tdi-4motion-alltrack-drag-mok-varm-kamera-d-varm\/","title":{"rendered":"Volkswagen Passat Alltrack 2.0 TDI 4Motion Alltrack Drag\/MoK-V\u00e4rm\/Kamera\/D-V\u00e4rm"},"author":0,"featured_media":0,"template":"","format":"standard","fordonstyp":[2],"drivmedel":[3],"vaxellada":[9],"bilmarke":[5],"farg":[14],"bilhall":[352],"egenskap":[122,123,121],"drivhjul":[],"location":[351],"class_list":["post-2650631","objekt","type-objekt","status-publish","format-standard","hentry","fordonstyp-kombi","drivmedel-diesel","vaxellada-automatisk","bilmarke-volkswagen","farg-rod","bilhall-lulea-banvagen-7b","egenskap-awd","egenskap-dragkrok","egenskap-motorvarmare","ort-lulea"],"car-info":{"manufacturer":"Volkswagen","model":"Passat Alltrack","title":"Volkswagen Passat Alltrack 2.0 TDI 4Motion Alltrack Drag\/MoK-V\u00e4rm\/Kamera\/D-V\u00e4rm","price":"269900","year":"2020","gearbox":"Automatisk","fuel":"Diesel","properties":"AWD, Dragkrok, Motorv\u00e4rmare","color":"R\u00f6d","mil":"11096","regno":"UDN48U","image":"https:\/\/pro.bbcdn.io\/2e\/2ee9f5c4-4e79-b48e-07f5-0000f5329bd0?rule=legacy-largest","image_last":"https:\/\/pro.bbcdn.io\/d3\/d3a2bfa0-9acd-fd9a-44b0-0000bd275842?rule=legacy-largest","image_count":3,"link":"https:\/\/www.niemibil.se\/en\/object\/volkswagen-passat-alltrack-2-0-tdi-4motion-alltrack-drag-mok-varm-kamera-d-varm\/"},"_links":{"self":[{"href":"https:\/\/www.niemibil.se\/en\/wp-json\/wp\/v2\/objekt\/2650631","targetHints":{"allow":["GET"]}}],"collection":[{"href":"https:\/\/www.niemibil.se\/en\/wp-json\/wp\/v2\/objekt"}],"about":[{"href":"https:\/\/www.niemibil.se\/en\/wp-json\/wp\/v2\/types\/objekt"}],"wp:attachment":[{"href":"https:\/\/www.niemibil.se\/en\/wp-json\/wp\/v2\/media?parent=2650631"}],"wp:term":[{"taxonomy":"fordonstyp","embeddable":true,"href":"https:\/\/www.niemibil.se\/en\/wp-json\/wp\/v2\/fordonstyp?post=2650631"},{"taxonomy":"drivmedel","embeddable":true,"href":"https:\/\/www.niemibil.se\/en\/wp-json\/wp\/v2\/drivmedel?post=2650631"},{"taxonomy":"vaxellada","embeddable":true,"href":"https:\/\/www.niemibil.se\/en\/wp-json\/wp\/v2\/vaxellada?post=2650631"},{"taxonomy":"bilmarke","embeddable":true,"href":"https:\/\/www.niemibil.se\/en\/wp-json\/wp\/v2\/bilmarke?post=2650631"},{"taxonomy":"farg","embeddable":true,"href":"https:\/\/www.niemibil.se\/en\/wp-json\/wp\/v2\/farg?post=2650631"},{"taxonomy":"bilhall","embeddable":true,"href":"https:\/\/www.niemibil.se\/en\/wp-json\/wp\/v2\/bilhall?post=2650631"},{"taxonomy":"egenskap","embeddable":true,"href":"https:\/\/www.niemibil.se\/en\/wp-json\/wp\/v2\/egenskap?post=2650631"},{"taxonomy":"drivhjul","embeddable":true,"href":"https:\/\/www.niemibil.se\/en\/wp-json\/wp\/v2\/drivhjul?post=2650631"},{"taxonomy":"ort","embeddable":true,"href":"https:\/\/www.niemibil.se\/en\/wp-json\/wp\/v2\/location?post=2650631"}],"curies":[{"name":"wp","href":"https:\/\/api.w.org\/{rel}","templated":true}]}}

Volkswagen Passat Alltrack 2.0 TDI 4Motion Alltrack Drag/MoK-Värm/Kamera/D-Värm

AWD, Dragkrok, Motorvärmare

Röd
