{"id":2646655,"date":"2026-03-16T10:06:34","date_gmt":"2026-03-16T12:12:09","guid":{"rendered":"https:\/\/www.niemibil.se\/objekt\/volvo-v90-cross-country-d4-awd-geartronic-momentum-md-varm-drag-psens-sv-dack\/"},"modified":"2026-04-17T21:12:10","modified_gmt":"2026-04-17T19:12:10","slug":"volvo-v90-cross-country-d4-awd-geartronic-momentum-md-varm-drag-psens-sv-dack","status":"publish","type":"objekt","link":"https:\/\/www.niemibil.se\/en\/object\/volvo-v90-cross-country-d4-awd-geartronic-momentum-md-varm-drag-psens-sv-dack\/","title":{"rendered":"Volvo V90 Cross Country D4 AWD Geartronic Momentum M&amp;D-V\u00e4rm\/Drag\/Psens\/S&amp;V-D\u00e4ck"},"author":0,"featured_media":0,"template":"","format":"standard","fordonstyp":[2],"drivmedel":[3],"vaxellada":[9],"bilmarke":[16],"farg":[234],"bilhall":[392],"egenskap":[122,123,121],"drivhjul":[],"location":[391],"class_list":["post-2646655","objekt","type-objekt","status-publish","format-standard","hentry","fordonstyp-kombi","drivmedel-diesel","vaxellada-automatisk","bilmarke-volvo","farg-ljusbla","bilhall-kiruna-stallverksvagen-9","egenskap-awd","egenskap-dragkrok","egenskap-motorvarmare","ort-kiruna"],"car-info":{"manufacturer":"Volvo","model":"V90 Cross Country","title":"Volvo V90 Cross Country D4 AWD Geartronic Momentum M&amp;D-V\u00e4rm\/Drag\/Psens\/S&amp;V-D\u00e4ck","price":"344900","year":"2019","gearbox":"Automatisk","fuel":"Diesel","properties":"AWD, Dragkrok, Motorv\u00e4rmare","color":"Bl\u00e5","mil":"10814","regno":"ZYF731","image":"https:\/\/pro.bbcdn.io\/a6\/a65ab06c-c66f-d0af-4147-00009cbe56e0?rule=legacy-largest","image_last":"https:\/\/pro.bbcdn.io\/ca\/ca855e2f-a025-435d-0cdc-0000b519d8c0?rule=legacy-largest","image_count":23,"link":"https:\/\/www.niemibil.se\/en\/object\/volvo-v90-cross-country-d4-awd-geartronic-momentum-md-varm-drag-psens-sv-dack\/"},"_links":{"self":[{"href":"https:\/\/www.niemibil.se\/en\/wp-json\/wp\/v2\/objekt\/2646655","targetHints":{"allow":["GET"]}}],"collection":[{"href":"https:\/\/www.niemibil.se\/en\/wp-json\/wp\/v2\/objekt"}],"about":[{"href":"https:\/\/www.niemibil.se\/en\/wp-json\/wp\/v2\/types\/objekt"}],"wp:attachment":[{"href":"https:\/\/www.niemibil.se\/en\/wp-json\/wp\/v2\/media?parent=2646655"}],"wp:term":[{"taxonomy":"fordonstyp","embeddable":true,"href":"https:\/\/www.niemibil.se\/en\/wp-json\/wp\/v2\/fordonstyp?post=2646655"},{"taxonomy":"drivmedel","embeddable":true,"href":"https:\/\/www.niemibil.se\/en\/wp-json\/wp\/v2\/drivmedel?post=2646655"},{"taxonomy":"vaxellada","embeddable":true,"href":"https:\/\/www.niemibil.se\/en\/wp-json\/wp\/v2\/vaxellada?post=2646655"},{"taxonomy":"bilmarke","embeddable":true,"href":"https:\/\/www.niemibil.se\/en\/wp-json\/wp\/v2\/bilmarke?post=2646655"},{"taxonomy":"farg","embeddable":true,"href":"https:\/\/www.niemibil.se\/en\/wp-json\/wp\/v2\/farg?post=2646655"},{"taxonomy":"bilhall","embeddable":true,"href":"https:\/\/www.niemibil.se\/en\/wp-json\/wp\/v2\/bilhall?post=2646655"},{"taxonomy":"egenskap","embeddable":true,"href":"https:\/\/www.niemibil.se\/en\/wp-json\/wp\/v2\/egenskap?post=2646655"},{"taxonomy":"drivhjul","embeddable":true,"href":"https:\/\/www.niemibil.se\/en\/wp-json\/wp\/v2\/drivhjul?post=2646655"},{"taxonomy":"ort","embeddable":true,"href":"https:\/\/www.niemibil.se\/en\/wp-json\/wp\/v2\/location?post=2646655"}],"curies":[{"name":"wp","href":"https:\/\/api.w.org\/{rel}","templated":true}]}}

Volvo V90 Cross Country D4 AWD Geartronic Momentum M&amp;D-Värm/Drag/Psens/S&amp;V-Däck

AWD, Dragkrok, Motorvärmare

Blå
